{"id":62,"date":"2023-04-16T06:30:18","date_gmt":"2023-04-16T06:30:18","guid":{"rendered":"https:\/\/kauneushoivaamo.fi\/?page_id=62"},"modified":"2025-09-07T11:13:49","modified_gmt":"2025-09-07T11:13:49","slug":"jaloille-ja-kasille","status":"publish","type":"page","link":"https:\/\/kauneushoivaamo.fi\/index.php\/jaloille-ja-kasille\/","title":{"rendered":"Jaloille ja k\u00e4sille"},"content":{"rendered":"\n<div class=\"wp-block-columns is-layout-flex wp-container-3\">\n<div class=\"wp-block-column is-layout-flow\">\n<h6 class=\"wp-block-heading\"><strong>Hoivaamon helahoito 150 min<\/strong>\u00a0\u00bb 142 \u20ac<\/h6>\n\n\n\n<p>Tarjoaa mainion tilaisuuden tulla hemmoteltavaksi p\u00e4\u00e4st\u00e4 kantap\u00e4ihin! Helahoidossa hoidetaan sek\u00e4 kasvot ett\u00e4 jalat ja lis\u00e4ksi k\u00e4sille tehd\u00e4\u00e4n hieronta. Nautiskelijalle mainio kokonaisuus! Helahoitoon kuuluvat kiinteytt\u00e4v\u00e4 kultakasvohoito (pintapuhdistus, entsyymikuorinta, kasvohieronta kultanaamiolla, kultaseerumi, merilev\u00e4naamio ja hoitovoide), jalkahoito (jalkojen kylvetys, kovettumien poisto, ihon raspaus, kynsien siistiminen ja lyhennys, jalkahieronta) sek\u00e4 k\u00e4sihieronta.<\/p>\n\n\n\n<h6 class=\"wp-block-heading\"><strong>Virkist\u00e4v\u00e4 jalkahoito<\/strong>\u00a060-75 min \u00bb 62 \u20ac<\/h6>\n\n\n\n<p>Jalkojen kylvetys, kovettumien poisto, ihon raspaus, kynsien siistiminen ja lyhennys sek\u00e4 jalkahieronta. Lakkaus&nbsp;9 \u20ac&nbsp;sis\u00e4lt\u00e4\u00e4 lakkapullon.<br>Saatavilla kotik\u00e4yntipalveluna. Kotik\u00e4yntikorvaus 20 \u20ac\/k\u00e4ynti Lahden ja Hollolan alueella.<\/p>\n\n\n\n<h6 class=\"wp-block-heading\"><strong>Virkist\u00e4v\u00e4 jalkahoito kestolakkauksella<\/strong>\u00a075-90 min <br>\u00bb 76 \u20ac<\/h6>\n\n\n\n<p>Virkist\u00e4v\u00e4 jalkahoito varpaankynsien kestolakkauksella. Lis\u00e4maksu vanhan kestolakkauksen poistosta 8 \u20ac<\/p>\n\n\n\n<div style=\"height:50px\" aria-hidden=\"true\" class=\"wp-block-spacer\"><\/div>\n\n\n<div class=\"wp-block-image\">\n<figure class=\"aligncenter size-full is-resized\"><img decoding=\"async\" loading=\"lazy\" src=\"https:\/\/kauneushoivaamo.fi\/wp-content\/uploads\/2023\/04\/nettiin4-1.jpg\" alt=\"\" class=\"wp-image-89\" width=\"332\" height=\"221\" srcset=\"https:\/\/kauneushoivaamo.fi\/wp-content\/uploads\/2023\/04\/nettiin4-1.jpg 612w, https:\/\/kauneushoivaamo.fi\/wp-content\/uploads\/2023\/04\/nettiin4-1-300x200.jpg 300w\" sizes=\"(max-width: 332px) 100vw, 332px\" \/><\/figure><\/div>\n\n\n<div style=\"height:50px\" aria-hidden=\"true\" class=\"wp-block-spacer\"><\/div>\n\n\n\n<h6 class=\"wp-block-heading\"><strong>Ylellinen jalkahoito<\/strong>\u00a090 min \u00bb 73 \u20ac<\/h6>\n\n\n\n<p>Jalkojen kylvetys, kuorinta, kovettumien poisto, ihon raspaus, kynsien siistiminen ja lyhennys, naamio sek\u00e4 jalkahieronta. Lakkaus&nbsp;9 \u20ac&nbsp;sis\u00e4lt\u00e4\u00e4 lakkapullon.<\/p>\n\n\n\n<h6 class=\"wp-block-heading\">Ylellinen jalkahoito\u00a0kestolakkauksella 90-115 min <br>\u00bb 87 \u20ac<\/h6>\n\n\n\n<p>Ylellinen jalkahoito varpaankynsien kestolakkauksella. Lis\u00e4maksu vanhan kestolakkauksen poistosta 8 \u20ac<\/p>\n\n\n\n<h6 class=\"wp-block-heading\"><strong>Varpaankynsien kestolakkaus 60 min\u00a0<\/strong>\u00bb 62 \u20ac<\/h6>\n\n\n\n<p>Sis\u00e4lt\u00e4\u00e4 minipedikyyrin. Lis\u00e4maksu vanhan kestolakkauksen poistosta 8 \u20ac<\/p>\n\n\n\n<h6 class=\"wp-block-heading\"><strong>Varpaankynsien lyhennys ja siistiminen poralla\u00a0<br><\/strong>30 min \u00bb 38 \u20ac<\/h6>\n\n\n\n<p>Jalkojen kylvetys, varpaankynsien lyhennys ja siistiminen, jalkojen voitelu. Saatavilla kotik\u00e4yntipalveluna. Kotik\u00e4yntikorvaus 20 \u20ac\/k\u00e4ynti Lahden ja Hollolan alueella.<\/p>\n<\/div>\n\n\n\n<div class=\"wp-block-column is-layout-flow\"><div class=\"wp-block-image\">\n<figure class=\"aligncenter size-full\"><img decoding=\"async\" loading=\"lazy\" width=\"300\" height=\"300\" src=\"https:\/\/kauneushoivaamo.fi\/wp-content\/uploads\/2023\/04\/closeup-photo-female-feet-spa-salon-pedicure-manicure-procedure-soft-focus-image-scaled-e1680152988519-300x300-1.jpg\" alt=\"\" class=\"wp-image-88\" srcset=\"https:\/\/kauneushoivaamo.fi\/wp-content\/uploads\/2023\/04\/closeup-photo-female-feet-spa-salon-pedicure-manicure-procedure-soft-focus-image-scaled-e1680152988519-300x300-1.jpg 300w, https:\/\/kauneushoivaamo.fi\/wp-content\/uploads\/2023\/04\/closeup-photo-female-feet-spa-salon-pedicure-manicure-procedure-soft-focus-image-scaled-e1680152988519-300x300-1-150x150.jpg 150w, https:\/\/kauneushoivaamo.fi\/wp-content\/uploads\/2023\/04\/closeup-photo-female-feet-spa-salon-pedicure-manicure-procedure-soft-focus-image-scaled-e1680152988519-300x300-1-75x75.jpg 75w\" sizes=\"(max-width: 300px) 100vw, 300px\" \/><\/figure><\/div>\n\n\n<p><\/p>\n\n\n\n<div style=\"height:50px\" aria-hidden=\"true\" class=\"wp-block-spacer\"><\/div>\n\n\n\n<h6 class=\"wp-block-heading\">K\u00e4sihoito 45 min \u00bb 37 \u20ac<\/h6>\n\n\n\n<p>Kynsien muotoilu ja siistiminen, kynsinauhojen siistiminen, k\u00e4sihieronta. Lakkaus 9 \u20ac sis\u00e4lt\u00e4\u00e4 lakkapullon. Saatavilla kotik\u00e4yntipalveluna. Kotik\u00e4yntikorvaus 20 \u20ac\/k\u00e4ynti Lahden ja Hollolan alueella.<\/p>\n\n\n\n<h6 class=\"wp-block-heading\">Sormenkynsien kestolakkaus\u00a0 60 min \u00bb 48 \u20ac<\/h6>\n\n\n\n<p>K\u00e4sihoito sormenkynsien kestolakkauksella. Lis\u00e4maksut: vanhan kestolakkauksen poistosta 8 \u20ac, ranskalainen lakkaus 10 \u20ac, kynsikoristeet 1 \u20ac\/kynsi<\/p>\n\n\n\n<h6 class=\"wp-block-heading\">Sormenkynsien kestolakkauksen poisto 40 min<br>\u00bb 30 \u20ac<\/h6>\n\n\n\n<h6 class=\"wp-block-heading\">Kynsien lyhennys ja siistiminen&nbsp; 20 min \u00bb 16 \u20ac<\/h6>\n\n\n\n<p>Kynsien lyhennys ja muotoilu, viimeistely kynsinauha\u00f6ljyll\u00e4 ja k\u00e4sivoiteella.<\/p>\n\n\n\n<h6 class=\"wp-block-heading\">K\u00e4si- tai jalkaparafiinit 20 min \u00bb 22 \u20ac<\/h6>\n\n\n\n<p>Toisen hoidon yhteydess\u00e4 14 \u20ac<\/p>\n\n\n\n<div style=\"height:50px\" aria-hidden=\"true\" class=\"wp-block-spacer\"><\/div>\n\n\n<div class=\"wp-block-image\">\n<figure class=\"aligncenter size-full is-resized\"><img decoding=\"async\" loading=\"lazy\" src=\"https:\/\/kauneushoivaamo.fi\/wp-content\/uploads\/2023\/04\/nettiin5-1.jpg\" alt=\"\" class=\"wp-image-90\" width=\"314\" height=\"219\" srcset=\"https:\/\/kauneushoivaamo.fi\/wp-content\/uploads\/2023\/04\/nettiin5-1.jpg 612w, https:\/\/kauneushoivaamo.fi\/wp-content\/uploads\/2023\/04\/nettiin5-1-300x209.jpg 300w\" sizes=\"(max-width: 314px) 100vw, 314px\" \/><\/figure><\/div><\/div>\n<\/div>\n","protected":false},"excerpt":{"rendered":"<p>Hoivaamon helahoito 150 min\u00a0\u00bb 142 \u20ac Tarjoaa mainion tilaisuuden tulla hemmoteltavaksi p\u00e4\u00e4st\u00e4 kantap\u00e4ihin! Helahoidossa hoidetaan sek\u00e4 kasvot ett\u00e4 jalat ja lis\u00e4ksi k\u00e4sille tehd\u00e4\u00e4n hieronta. Nautiskelijalle mainio kokonaisuus! Helahoitoon kuuluvat kiinteytt\u00e4v\u00e4 kultakasvohoito (pintapuhdistus, entsyymikuorinta, kasvohieronta kultanaamiolla, kultaseerumi, merilev\u00e4naamio ja hoitovoide), jalkahoito (jalkojen kylvetys, kovettumien poisto, ihon raspaus, kynsien siistiminen ja lyhennys, jalkahieronta) sek\u00e4 k\u00e4sihieronta. Virkist\u00e4v\u00e4 jalkahoito\u00a060-75 min \u00bb 62 \u20ac Jalkojen kylvetys, kovettumien poisto, ihon raspaus, kynsien siistiminen ja lyhennys sek\u00e4 jalkahieronta. Lakkaus&nbsp;9 \u20ac&nbsp;sis\u00e4lt\u00e4\u00e4 lakkapullon.Saatavilla kotik\u00e4yntipalveluna. Kotik\u00e4yntikorvaus 20 \u20ac\/k\u00e4ynti Lahden ja Hollolan alueella. Virkist\u00e4v\u00e4 jalkahoito kestolakkauksella\u00a075-90 min \u00bb 76 \u20ac Virkist\u00e4v\u00e4 jalkahoito varpaankynsien kestolakkauksella. Lis\u00e4maksu vanhan kestolakkauksen poistosta 8 \u20ac Ylellinen jalkahoito\u00a090 min \u00bb 73 \u20ac Jalkojen kylvetys, kuorinta, kovettumien poisto, ihon raspaus, kynsien siistiminen ja lyhennys, naamio sek\u00e4 jalkahieronta. Lakkaus&nbsp;9 \u20ac&nbsp;sis\u00e4lt\u00e4\u00e4 lakkapullon. Ylellinen jalkahoito\u00a0kestolakkauksella 90-115 min \u00bb 87 \u20ac Ylellinen jalkahoito varpaankynsien kestolakkauksella. Lis\u00e4maksu vanhan kestolakkauksen poistosta 8 \u20ac Varpaankynsien kestolakkaus 60 min\u00a0\u00bb 62 \u20ac Sis\u00e4lt\u00e4\u00e4 minipedikyyrin. Lis\u00e4maksu vanhan kestolakkauksen poistosta 8 \u20ac Varpaankynsien lyhennys ja siistiminen poralla\u00a030 min \u00bb 38 \u20ac Jalkojen kylvetys, varpaankynsien lyhennys ja siistiminen, jalkojen voitelu. Saatavilla kotik\u00e4yntipalveluna. Kotik\u00e4yntikorvaus 20 \u20ac\/k\u00e4ynti Lahden ja Hollolan alueella. K\u00e4sihoito 45 min \u00bb 37 \u20ac Kynsien muotoilu ja siistiminen, kynsinauhojen siistiminen, k\u00e4sihieronta. Lakkaus 9 \u20ac sis\u00e4lt\u00e4\u00e4 lakkapullon. Saatavilla kotik\u00e4yntipalveluna. Kotik\u00e4yntikorvaus 20 \u20ac\/k\u00e4ynti Lahden ja Hollolan alueella. Sormenkynsien kestolakkaus\u00a0 60 min \u00bb 48 \u20ac K\u00e4sihoito sormenkynsien kestolakkauksella. Lis\u00e4maksut: vanhan kestolakkauksen poistosta 8 \u20ac, ranskalainen lakkaus 10 \u20ac, kynsikoristeet 1 \u20ac\/kynsi Sormenkynsien kestolakkauksen poisto 40 min\u00bb 30 \u20ac Kynsien lyhennys ja siistiminen&nbsp; 20 min \u00bb 16 \u20ac Kynsien lyhennys ja muotoilu, viimeistely kynsinauha\u00f6ljyll\u00e4 ja k\u00e4sivoiteella. K\u00e4si- tai jalkaparafiinit 20 min \u00bb 22 \u20ac Toisen hoidon yhteydess\u00e4 14 \u20ac<\/p>\n","protected":false},"author":1,"featured_media":0,"parent":0,"menu_order":0,"comment_status":"closed","ping_status":"closed","template":"","meta":[],"acf":[],"_links":{"self":[{"href":"https:\/\/kauneushoivaamo.fi\/index.php\/wp-json\/wp\/v2\/pages\/62"}],"collection":[{"href":"https:\/\/kauneushoivaamo.fi\/index.php\/wp-json\/wp\/v2\/pages"}],"about":[{"href":"https:\/\/kauneushoivaamo.fi\/index.php\/wp-json\/wp\/v2\/types\/page"}],"author":[{"embeddable":true,"href":"https:\/\/kauneushoivaamo.fi\/index.php\/wp-json\/wp\/v2\/users\/1"}],"replies":[{"embeddable":true,"href":"https:\/\/kauneushoivaamo.fi\/index.php\/wp-json\/wp\/v2\/comments?post=62"}],"version-history":[{"count":17,"href":"https:\/\/kauneushoivaamo.fi\/index.php\/wp-json\/wp\/v2\/pages\/62\/revisions"}],"predecessor-version":[{"id":176,"href":"https:\/\/kauneushoivaamo.fi\/index.php\/wp-json\/wp\/v2\/pages\/62\/revisions\/176"}],"wp:attachment":[{"href":"https:\/\/kauneushoivaamo.fi\/index.php\/wp-json\/wp\/v2\/media?parent=62"}],"curies":[{"name":"wp","href":"https:\/\/api.w.org\/{rel}","templated":true}]}}